-- phpMyAdmin SQL Dump
-- version 5.2.1
-- https://www.phpmyadmin.net/
--
-- Host: 127.0.0.1
-- Generation Time: Wrz 11, 2024 at 07:18 AM
-- Wersja serwera: 10.4.28-MariaDB
-- Wersja PHP: 8.2.4

SET SQL_MODE = "NO_AUTO_VALUE_ON_ZERO";
START TRANSACTION;
SET time_zone = "+00:00";


/*!40101 SET @OLD_CHARACTER_SET_CLIENT=@@CHARACTER_SET_CLIENT */;
/*!40101 SET @OLD_CHARACTER_SET_RESULTS=@@CHARACTER_SET_RESULTS */;
/*!40101 SET @OLD_COLLATION_CONNECTION=@@COLLATION_CONNECTION */;
/*!40101 SET NAMES utf8mb4 */;

--
-- Database: `ksiegarnia`
--

-- --------------------------------------------------------

--
-- Struktura tabeli dla tabeli `klient`
--

CREATE TABLE `klient` (
  `Idklienta` int(11) NOT NULL,
  `Imie` text NOT NULL,
  `Nazwisko` text NOT NULL,
  `miejscowosc` text NOT NULL
) ENGINE=InnoDB DEFAULT CHARSET=utf8mb4 COLLATE=utf8mb4_general_ci;

--
-- Dumping data for table `klient`
--

INSERT INTO `klient` (`Idklienta`, `Imie`, `Nazwisko`, `miejscowosc`) VALUES
(1, 'Piotr', 'Lewandowski', 'Kielce'),
(2, 'Jan', 'Nowak', 'Katowice'),
(3, 'Maciej', 'Nowak', 'Bydgoszcz'),
(4, 'Agnieszka', 'Jankowska', 'Lublin'),
(5, 'Tomasz', 'Mazur', 'Zgierz'),
(6, 'Marek', 'Kowalski', 'Lublin'),
(7, 'Artur', 'Rutkowski', 'Kielce'),
(8, 'Mateusz', 'Skorupa', 'Warszawa'),
(9, 'Jerzy', 'Rutkowski', 'Rybnik'),
(10, 'Anna', 'Karenina', 'Katowice'),
(11, 'Maria', 'Lewandowska', 'Bydgoszcz'),
(12, 'Henryk', 'Kowalski', 'Bydgoszcz'),
(13, 'Agnieszka', 'Nowak', 'Warszawa'),
(14, 'Piotr', 'Krupski', 'Zgierz');

-- --------------------------------------------------------

--
-- Struktura tabeli dla tabeli `ksiazka`
--

CREATE TABLE `ksiazka` (
  `Idksiazki` int(11) NOT NULL,
  `Imie_autora` text NOT NULL,
  `Nazwisko_autora` text NOT NULL,
  `Tytul` text NOT NULL,
  `cena` float NOT NULL,
  `rok_wydania` int(11) NOT NULL,
  `wydawnictwo` text NOT NULL
) ENGINE=InnoDB DEFAULT CHARSET=utf8mb4 COLLATE=utf8mb4_general_ci;

--
-- Dumping data for table `ksiazka`
--

INSERT INTO `ksiazka` (`Idksiazki`, `Imie_autora`, `Nazwisko_autora`, `Tytul`, `cena`, `rok_wydania`, `wydawnictwo`) VALUES
(1, 'Jan', 'Michalak', 'Zaawansowane programowanie w PHP', 47.29, 2000, 'Albatros'),
(2, 'Andrzej', 'Krawczyk', 'Windows 8 PL. Zaawansowana administracja systemem', 49.99, 2001, 'Czarny Kruk'),
(3, 'Piotr', 'Jakubowski', 'HTML5. Tworzenie witryn', 53.65, 2000, 'Albatros'),
(4, 'Tomasz', 'Kowalski', 'Urządzenia techniki komputerowej', 34.15, 2015, 'Komp2002'),
(5, 'Jan', 'Pasternak', 'PHP. Tworzenie nowoczesnych stron WWW', 29.99, 2015, 'Edukacja Pl'),
(6, 'Robin', 'Nixon', 'PHP, MySQL i JavaScript', 99, 2002, 'Czarny Kruk'),
(7, 'Jolanta', 'Pokorska', 'Tworzenie stron internetowych', 23.95, 2000, 'Edukacja Pl'),
(8, 'Krzysztof', 'Pytel', 'Pracownia aplikacji internetowych', 35.4, 2000, 'Edukacja Pl');

-- --------------------------------------------------------

--
-- Struktura tabeli dla tabeli `zamowienie`
--

CREATE TABLE `zamowienie` (
  `Idzamowienia` int(11) NOT NULL,
  `Idklienta` int(11) NOT NULL,
  `Idksiazki` int(11) NOT NULL,
  `data` date NOT NULL,
  `status` text NOT NULL
) ENGINE=InnoDB DEFAULT CHARSET=utf8mb4 COLLATE=utf8mb4_general_ci;

--
-- Dumping data for table `zamowienie`
--

INSERT INTO `zamowienie` (`Idzamowienia`, `Idklienta`, `Idksiazki`, `data`, `status`) VALUES
(1, 2, 4, '2014-10-08', 'oczekiwanie'),
(2, 7, 1, '2014-09-05', 'wyslano'),
(3, 9, 1, '2014-10-11', 'wyslano'),
(4, 2, 2, '2014-10-15', 'oczekiwanie'),
(5, 2, 5, '2014-08-12', 'oczekiwanie'),
(6, 3, 2, '2014-10-20', 'wyslano'),
(7, 4, 3, '2014-08-14', 'wyslano'),
(8, 8, 1, '2014-08-19', 'wyslano'),
(9, 3, 5, '2014-11-19', 'wyslano'),
(10, 9, 2, '2014-12-28', 'oczekiwanie');

--
-- Indeksy dla zrzutów tabel
--

--
-- Indeksy dla tabeli `klient`
--
ALTER TABLE `klient`
  ADD PRIMARY KEY (`Idklienta`);

--
-- Indeksy dla tabeli `ksiazka`
--
ALTER TABLE `ksiazka`
  ADD PRIMARY KEY (`Idksiazki`);

--
-- Indeksy dla tabeli `zamowienie`
--
ALTER TABLE `zamowienie`
  ADD PRIMARY KEY (`Idzamowienia`);
COMMIT;

/*!40101 SET CHARACTER_SET_CLIENT=@OLD_CHARACTER_SET_CLIENT */;
/*!40101 SET CHARACTER_SET_RESULTS=@OLD_CHARACTER_SET_RESULTS */;
/*!40101 SET COLLATION_CONNECTION=@OLD_COLLATION_CONNECTION */;
